ommon factor of l and 198.
18
Suppose g + 2*g - 25 = 2*r, -2*g = r + 2. Let i = r + 10. Suppose -i*o = -3*m - o + 100, 3*m - 104 = -o. What is the greatest common divisor of 51 and m?
17
Let g be (0 - 65/(-10))*(4 + 110). Calculate the highest common factor of 39 and g.
39
Suppose 142 + 67 = 11*m. Calculate the greatest common factor of m and 152.
19
Suppose -2*n + 25 = 3*n + 5*f, 5*n + 4*f = 23. Let i be (-12)/n + 1 + 91. Let d be (-2)/(-5) - (-106)/10. Calculate the greatest common divisor of d and i.
11
Suppose -2*t + 40 = -6*t + 4*l, -t - 12 = -2*l. Let c be 28/t*2*-1. Let i be 3/c + 268/28. What is the greatest common factor of i and 80?
10
Suppose -5*x + 122 + 103 = 0. Let r = 55 - x. Suppose -4*v + 21 = -2*n - 17, 3*n = -v + 13. Calculate the greatest common factor of v and r.
10
Let f(j) = 2*j**2 + 14*j + 12. Let q be f(-8). Let a = -21 - -29. Calculate the greatest common divisor of a and q.
4
Let t(o) be the third derivative of 0 - 13/6*o**3 + 0*o - o**2 + 1/60*o**5 + 1/24*o**4. Let p be t(-10). What is the highest common divisor of 7 and p?
7
Suppose o + 2 = 3*o. Let x = 249 - 242. Calculate the highest common factor of o and x.
1
Let l = -990 + 1220. What is the greatest common factor of 1265 and l?
115
Let j be 117/15 + 4/20. Let m be 50/j - 12/(-16). Suppose -2*k = y + m, -k = -0*y + 5*y - 1. What is the highest common divisor of 2 and y?
1
Let i(m) = -m**2 + 18*m + 13. Let u be i(0). Calculate the highest common divisor of 8 and u.
1
Let k be 6 - (-74)/(-12) - (-889)/42. What is the highest common divisor of k and 7?
7
Let v(k) = 2*k**2 - 28*k + 23. Let b be v(13). Let y be ((-2)/(-4))/(b/(-198)). Calculate the highest common factor of 22 and y.
11
Suppose 2*x = -x + r + 18, 3*x - 24 = 3*r. Let g = 13 + -10. Let h be 55 - (-4 + 1 + g). What is the greatest common divisor of x and h?
5
Suppose -m = 2*v - 54 - 48, 0 = -5*m + 5*v + 495. Calculate the greatest common divisor of m and 25.
25
Let m = 791 - 751. Calculate the greatest common factor of 35 and m.
5
Let h be ((-3)/2)/(3/6). Let l = 31 + h. Let x = l - 20. What is the greatest common factor of 72 and x?
8
Let z = 36 - 42. Let q(x) = x**2 + 12*x - 4. Let o be q(z). Let v = 11 - o. Calculate the highest common divisor of 17 and v.
17
Suppose -4049 = 5*z - 14049. What is the greatest common divisor of 80 and z?
80
Let h(k) = -2*k**2 + 16*k - 1. Let y be h(12). Let f = y - -177. Calculate the highest common divisor of f and 8.
8
Suppose 0 = -4*u + 2*m + 200, 0*u - 2*m - 250 = -5*u. Let i = -68 - -162. Let s = -69 + i. What is the highest common factor of u and s?
25
Let v(r) be the second derivative of 27/2*r**2 - 2/3*r**3 + 3*r + 0. Let c be v(-12). Calculate the greatest common divisor of 30 and c.
15
Let z(m) = 3*m**3 - 2*m + 1. Let y be z(1). Suppose -5*n = -y - 43. Calculate the highest common factor of 36 and n.
9
Let q(b) = 34*b + 1. Let n be q(1). Let o = n + -31. What is the highest common factor of 2 and o?
2
Let j be (-1)/(2/(13 - 1)). Let v(u) = 2*u - 3. Let q be v(j). Let p be (q/6)/((-1)/30). Calculate the greatest common factor of 30 and p.
15
Let a(p) = -p + 8. Let u = -2 + 2. Let r be a(u). Let b be 646/10 - 26/((-520)/(-12)). Calculate the highest common divisor of r and b.
8
Suppose -3*m - 13 = 5. Let n = m + 12. Suppose 2*i = -2*l + 2, 0 = -6*l + 2*l + 5*i + 31. What is the highest common divisor of l and n?
2
Let t(a) = 56*a**2 + a. Let l be t(-1). Suppose 108 = -6*v + 168. What is the greatest common factor of l and v?
5
Suppose 2 = -5*h - 3. Let x(j) = -4*j - 1. Let g be x(h). Let o be g/(-6) + (-343)/(-2). Calculate the greatest common factor of o and 19.
19
Let o(x) = -x + 23. Let g be o(0). Suppose 98*t = 101*t - 207. Calculate the highest common divisor of g and t.
23
Suppose -3*y + t + 279 = -86, 0 = y - 4*t - 107. What is the highest common factor of 287 and y?
41
Suppose 1230 = -2*o + 3064. Calculate the highest common divisor of o and 7.
7
Let j(z) = -4*z**3 - 4*z**2 - z + 2. Let t be j(-2). Let n be 2/(-5) + 2728/t. Let m be 306/(-12)*4/(-6). Calculate the greatest common divisor of n and m.
17
Suppose j - 205 = 3*h, 2*h + j + 243 - 98 = 0. Let s = 22 - h. Calculate the highest common factor of s and 23.
23
Let f(d) = -12*d - 41. Let k be f(-5). Calculate the highest common factor of k and 76.
19
Suppose 12*t - 9200 = -28*t. Calculate the greatest common factor of 10 and t.
10
Suppose 5*i + 4*h - 257 = 0, -2*i = 2*i + 2*h - 202. Suppose i = 8*r - 23. What is the greatest common factor of r and 1?
1
Let a = 1200 - 633. What is the highest common factor of 3 and a?
3
Let m be 742/91 + (-4)/26. Let g(h) = -h**2 + h - 7. Let j be g(m). Let n be (5 + 5)*j/(-15). Calculate the greatest common divisor of n and 6.
6
Suppose -3*l - 27 = -3*q, -7*l = 5*q - 5*l - 10. Suppose -5*h - 2*v + 179 = -0*v, -h = -q*v - 27. What is the greatest common divisor of h and 35?
35
Let v be ((2 - (2 - 0))/(-1))/(-1). Suppose v = -5*d - 0*d + 2*w + 61, -5*d - 3*w = -46. What is the greatest common divisor of 187 and d?
11
Suppose 5*b - 196 = -2*m, -6*m + 7*m + 202 = 5*b. Calculate the highest common divisor of b and 50.
10
Suppose 0*n - y - 316 = 4*n, 2*y = -3*n - 242. Let c = 148 + n. What is the highest common factor of 10 and c?
10
Suppose -7*p + 9119 = -1549. What is the highest common factor of p and 12?
12
Let y = 113 + -69. Let u = -23 + 84. Suppose 5*a = -6 + u. What is the highest common divisor of y and a?
11
Let i = -123 - -186. Suppose -10*w + 3*w + i = 0. Calculate the highest common factor of 90 and w.
9
Suppose 2*i = -33 + 37. Let q(j) = j**2 + 3*j. Let x be q(-5). What is the highest common divisor of i and x?
2
Let d be (0 + 0)/(1 - 3). Suppose -40 = -d*s - 2*s. Suppose z - 4*o = -3 + 2, 0 = z + 3*o - s. What is the highest common divisor of z and 121?
11
Let l(t) = t**3 + 9*t**2 + 8*t + 3. Let j be 1*(-1)/(-2)*(0 - 14). Let u be l(j). Calculate the highest common divisor of u and 18.
9
Let l be (38 + 0)*(-368)/(-32). What is the highest common factor of 23 and l?
23
Suppose -3*o - 22 - 32 = 0. Let u be 4/o - 15565/(-99). Let w = u - 13. Calculate the greatest common factor of 16 and w.
16
Suppose 3592*v = 3585*v + 140. Calculate the highest common factor of v and 392.
4
Let x(v) = 11*v - 209. Let p be x(27). Suppose -6*j = -3*j + 174. Let c be j/(-7) - (-2)/(-7). Calculate the greatest common divisor of p and c.
8
Suppose 2*o + 5*d - 13 = 3*o, 0 = o + d - 11. Let k be (7/(-1))/(1 - 2). What is the greatest common factor of o and k?
7
Let h = -5 - -25. Let v be (8/30)/2 - 532/(-60). Let c(b) = -b**2 + 12*b - 7. Let z be c(v). What is the highest common factor of z and h?
20
Let c be 2/4 + 284/(-32)*-4. What is the highest common factor of 549 and c?
9
Suppose -105 = 5*a - 295. Suppose -a*q + 60 = -34*q. Calculate the highest common factor of q and 60.
15
Let o(s) = -2*s - 2. Let n be o(-3). Suppose r = 4*h - 276, 5*r + 157 - 1 = 2*h. Let x = h - 40. Calculate the greatest common factor of n and x.
4
Suppose -675 + 697 = 11*n. Calculate the greatest common divisor of 45 and n.
1
Suppose 5*y + 5*u - 495 = 0, -y + 49 + 30 = -4*u. What is the highest common divisor of y and 608?
19
Let k(l) = -46*l - 7 - 6 + 2. Let q be k(-8). Suppose 3*z - q = 111. Calculate the greatest common factor of z and 39.
39
Suppose -2*s - 20 + 26 = 0. Suppose s*j + 165 = -2*j. Let f = -27 - j. Calculate the highest common divisor of f and 42.
6
Let l = 1 + -1. Let m = -41 + 45. Suppose -2*u = -l - m. What is the greatest common factor of 3 and u?
1
Suppose 7*l - 20 = 2*l. Suppose -k - 7 = -4*z, 5*k - 75 = -l*z + 2*z. What is the greatest common divisor of k and 39?
13
Suppose 0 = 2*m - 144*t + 145*t - 35, 5*m = -4*t + 89. Suppose -452 - 160 = -4*d. Calculate the highest common factor of d and m.
17
Suppose z - 20 = -j - 3*j, 5*j - 25 = -2*z. Let v(l) = -5*l + 5. Let o be v(-8). What is the highest common factor of j and o?
5
Suppose -24*a + 21*a = 3*l - 522, 0 = -5*l + a + 834. Suppose 19 = -3*d + 91. Calculate the highest common factor of l and d.
24
Let r(c) = -c**2 - 8*c - 4. Let o be r(-7). Suppose -10 = -o*x + 2. Suppose 0 = x*m - 21 - 203. What is the greatest common divisor of 8 and m?
8
Let w(p) = -p**2 + 6*p - 4. Let y be w(5). Let l be 15/35*(-21)/(-1). Let s = l - y.